{"id":240,"date":"2019-10-16T12:38:26","date_gmt":"2019-10-16T15:38:26","guid":{"rendered":"https:\/\/wp-test.ufpel.edu.br\/plugin-cobalto\/?page_id=240"},"modified":"2021-11-24T18:58:23","modified_gmt":"2021-11-24T21:58:23","slug":"agendas-publicas","status":"publish","type":"page","link":"https:\/\/curso-wp.ufpel.edu.br\/plugin-cobalto\/agendas-publicas\/","title":{"rendered":"Agendas p\u00fablicas"},"content":{"rendered":"\n<p>O v\u00eddeo abaixo demonstra como exibir no site uma agenda p\u00fablica cadastrada no COBALTO:<\/p>\n\n\n\n<figure class=\"wp-block-video\"><video controls src=\"http:\/\/curso-wp.ufpel.edu.br\/plugin-cobalto\/wp-content\/uploads\/sites\/187\/2019\/10\/agenda.mp4\"><\/video><\/figure>\n\n\n\n<p><a href=\"http:\/\/curso-wp.ufpel.edu.br\/plugin-cobalto\/agendas-publicas-exemplo\/\">Veja aqui<\/a> a p\u00e1gina resultante, com dados em tempo real.<\/p>\n\n\n\n<p>O <em>shortcode<\/em> utilizado neste exemplo \u00e9:<\/p>\n\n\n\n<pre class=\"wp-block-code\"><code>&#91;cobalto-agenda id=\"21\"]<\/code><\/pre>\n\n\n\n<p>O par\u00e2metro <code>id<\/code> especifica a agenda cadastrada no COBALTO. A agenda deve estar configurada como p\u00fablica.<\/p>\n\n\n\n<p>\u00c9 poss\u00edvel listar tamb\u00e9m grupos registrados de agendas. Veja todas as op\u00e7\u00f5es dispon\u00edveis na <a href=\"http:\/\/curso-wp.ufpel.edu.br\/plugin-cobalto\/documentacao\/#agenda\">documenta\u00e7\u00e3o do plugin COBALTO<\/a>.<\/p>\n\n\n\n<p>Se nenhum par\u00e2metro for especificado, retorna o Calend\u00e1rio Acad\u00eamico vigente.<\/p>\n","protected":false},"excerpt":{"rendered":"<p>O v\u00eddeo abaixo demonstra como exibir no site uma agenda p\u00fablica cadastrada no COBALTO: Veja aqui a p\u00e1gina resultante, com dados em tempo real. O shortcode utilizado neste exemplo \u00e9: O par\u00e2metro id especifica a agenda cadastrada no COBALTO. A agenda deve estar configurada como p\u00fablica. \u00c9 poss\u00edvel listar tamb\u00e9m grupos registrados de agendas. Veja [&hellip;]<\/p>\n","protected":false},"author":34,"featured_media":0,"parent":0,"menu_order":0,"comment_status":"closed","ping_status":"closed","template":"","meta":{"footnotes":""},"class_list":["post-240","page","type-page","status-publish","hentry"],"_links":{"self":[{"href":"https:\/\/curso-wp.ufpel.edu.br\/plugin-cobalto\/wp-json\/wp\/v2\/pages\/240","targetHints":{"allow":["GET"]}}],"collection":[{"href":"https:\/\/curso-wp.ufpel.edu.br\/plugin-cobalto\/wp-json\/wp\/v2\/pages"}],"about":[{"href":"https:\/\/curso-wp.ufpel.edu.br\/plugin-cobalto\/wp-json\/wp\/v2\/types\/page"}],"author":[{"embeddable":true,"href":"https:\/\/curso-wp.ufpel.edu.br\/plugin-cobalto\/wp-json\/wp\/v2\/users\/34"}],"replies":[{"embeddable":true,"href":"https:\/\/curso-wp.ufpel.edu.br\/plugin-cobalto\/wp-json\/wp\/v2\/comments?post=240"}],"version-history":[{"count":3,"href":"https:\/\/curso-wp.ufpel.edu.br\/plugin-cobalto\/wp-json\/wp\/v2\/pages\/240\/revisions"}],"predecessor-version":[{"id":383,"href":"https:\/\/curso-wp.ufpel.edu.br\/plugin-cobalto\/wp-json\/wp\/v2\/pages\/240\/revisions\/383"}],"wp:attachment":[{"href":"https:\/\/curso-wp.ufpel.edu.br\/plugin-cobalto\/wp-json\/wp\/v2\/media?parent=240"}],"curies":[{"name":"wp","href":"https:\/\/api.w.org\/{rel}","templated":true}]}}