{"id":331,"date":"2021-04-14T15:38:00","date_gmt":"2021-04-14T18:38:00","guid":{"rendered":"http:\/\/curso-wp.ufpel.edu.br\/plugin-cobalto\/?page_id=331"},"modified":"2021-11-24T18:59:11","modified_gmt":"2021-11-24T21:59:11","slug":"pregoes-de-licitacoes","status":"publish","type":"page","link":"https:\/\/curso-wp.ufpel.edu.br\/plugin-cobalto\/pregoes-de-licitacoes\/","title":{"rendered":"Preg\u00f5es de Licita\u00e7\u00f5es"},"content":{"rendered":"\n<p><a href=\"https:\/\/curso-wp.ufpel.edu.br\/plugin-cobalto\/pregoes-de-licitacoes-exemplo\/\">Veja aqui<\/a> o exemplo com dados em tempo real.<\/p>\n\n\n\n<p>Shortcode utilizado:<\/p>\n\n\n\n<pre class=\"wp-block-code\"><code>&#91;cobalto-pregoes]<\/code><\/pre>\n\n\n\n<p>Para ver todas as op\u00e7\u00f5es dispon\u00edveis, consulte a\u00a0<a href=\"http:\/\/curso-wp.ufpel.edu.br\/plugin-cobalto\/documentacao\/#pregoes\">documenta\u00e7\u00e3o do plugin COBALTO.<\/a><\/p>\n\n\n\n<p><\/p>\n\n\n\n<p><\/p>\n","protected":false},"excerpt":{"rendered":"<p>Veja aqui o exemplo com dados em tempo real. Shortcode utilizado: Para ver todas as op\u00e7\u00f5es dispon\u00edveis, consulte a\u00a0documenta\u00e7\u00e3o do plugin COBALTO.<\/p>\n","protected":false},"author":34,"featured_media":0,"parent":0,"menu_order":0,"comment_status":"closed","ping_status":"closed","template":"","meta":{"footnotes":""},"class_list":["post-331","page","type-page","status-publish","hentry"],"_links":{"self":[{"href":"https:\/\/curso-wp.ufpel.edu.br\/plugin-cobalto\/wp-json\/wp\/v2\/pages\/331","targetHints":{"allow":["GET"]}}],"collection":[{"href":"https:\/\/curso-wp.ufpel.edu.br\/plugin-cobalto\/wp-json\/wp\/v2\/pages"}],"about":[{"href":"https:\/\/curso-wp.ufpel.edu.br\/plugin-cobalto\/wp-json\/wp\/v2\/types\/page"}],"author":[{"embeddable":true,"href":"https:\/\/curso-wp.ufpel.edu.br\/plugin-cobalto\/wp-json\/wp\/v2\/users\/34"}],"replies":[{"embeddable":true,"href":"https:\/\/curso-wp.ufpel.edu.br\/plugin-cobalto\/wp-json\/wp\/v2\/comments?post=331"}],"version-history":[{"count":3,"href":"https:\/\/curso-wp.ufpel.edu.br\/plugin-cobalto\/wp-json\/wp\/v2\/pages\/331\/revisions"}],"predecessor-version":[{"id":384,"href":"https:\/\/curso-wp.ufpel.edu.br\/plugin-cobalto\/wp-json\/wp\/v2\/pages\/331\/revisions\/384"}],"wp:attachment":[{"href":"https:\/\/curso-wp.ufpel.edu.br\/plugin-cobalto\/wp-json\/wp\/v2\/media?parent=331"}],"curies":[{"name":"wp","href":"https:\/\/api.w.org\/{rel}","templated":true}]}}