{"id":410,"date":"2023-03-20T10:12:09","date_gmt":"2023-03-20T13:12:09","guid":{"rendered":"https:\/\/curso-wp.ufpel.edu.br\/plugin-cobalto\/?page_id=410"},"modified":"2023-03-20T11:41:56","modified_gmt":"2023-03-20T14:41:56","slug":"cursos-relacao-por-nivel-grau-modalidade","status":"publish","type":"page","link":"https:\/\/curso-wp.ufpel.edu.br\/plugin-cobalto\/cursos-relacao-por-nivel-grau-modalidade\/","title":{"rendered":"Cursos &#8211; Rela\u00e7\u00e3o por N\u00edvel \/ Grau \/ Modalidade"},"content":{"rendered":"\n<p><a href=\"https:\/\/curso-wp.ufpel.edu.br\/plugin-cobalto\/cursos-relacao-por-nivel-grau-modalidade-exemplo\/\" data-type=\"page\" data-id=\"406\">Veja aqui<\/a> o exemplo com dados em tempo real.<\/p>\n\n\n\n<p>Shortcode utilizado:<\/p>\n\n\n\n<pre class=\"wp-block-code\"><code>&#91;cobalto-cursos nivel=\"5\"]<\/code><\/pre>\n\n\n\n<p>Para ver todas as op\u00e7\u00f5es dispon\u00edveis, consulte a\u00a0<a href=\"http:\/\/curso-wp.ufpel.edu.br\/plugin-cobalto\/documentacao\/#cursos\">documenta\u00e7\u00e3o do plugin COBALTO.<\/a><\/p>\n\n\n\n<p><\/p>\n","protected":false},"excerpt":{"rendered":"<p>Veja aqui o exemplo com dados em tempo real. Shortcode utilizado: Para ver todas as op\u00e7\u00f5es dispon\u00edveis, consulte a\u00a0documenta\u00e7\u00e3o do plugin COBALTO.<\/p>\n","protected":false},"author":34,"featured_media":0,"parent":0,"menu_order":0,"comment_status":"closed","ping_status":"closed","template":"","meta":{"footnotes":""},"class_list":["post-410","page","type-page","status-publish","hentry"],"_links":{"self":[{"href":"https:\/\/curso-wp.ufpel.edu.br\/plugin-cobalto\/wp-json\/wp\/v2\/pages\/410","targetHints":{"allow":["GET"]}}],"collection":[{"href":"https:\/\/curso-wp.ufpel.edu.br\/plugin-cobalto\/wp-json\/wp\/v2\/pages"}],"about":[{"href":"https:\/\/curso-wp.ufpel.edu.br\/plugin-cobalto\/wp-json\/wp\/v2\/types\/page"}],"author":[{"embeddable":true,"href":"https:\/\/curso-wp.ufpel.edu.br\/plugin-cobalto\/wp-json\/wp\/v2\/users\/34"}],"replies":[{"embeddable":true,"href":"https:\/\/curso-wp.ufpel.edu.br\/plugin-cobalto\/wp-json\/wp\/v2\/comments?post=410"}],"version-history":[{"count":3,"href":"https:\/\/curso-wp.ufpel.edu.br\/plugin-cobalto\/wp-json\/wp\/v2\/pages\/410\/revisions"}],"predecessor-version":[{"id":425,"href":"https:\/\/curso-wp.ufpel.edu.br\/plugin-cobalto\/wp-json\/wp\/v2\/pages\/410\/revisions\/425"}],"wp:attachment":[{"href":"https:\/\/curso-wp.ufpel.edu.br\/plugin-cobalto\/wp-json\/wp\/v2\/media?parent=410"}],"curies":[{"name":"wp","href":"https:\/\/api.w.org\/{rel}","templated":true}]}}