{"id":46,"date":"2019-09-19T12:01:49","date_gmt":"2019-09-19T15:01:49","guid":{"rendered":"https:\/\/wp-test.ufpel.edu.br\/plugin-cobalto\/?page_id=46"},"modified":"2021-11-24T18:53:41","modified_gmt":"2021-11-24T21:53:41","slug":"matriz-curricular-de-curso","status":"publish","type":"page","link":"https:\/\/curso-wp.ufpel.edu.br\/plugin-cobalto\/matriz-curricular-de-curso\/","title":{"rendered":"Matriz curricular de curso"},"content":{"rendered":"\n<p>Veja como inserir a matriz curricular de um curso:<\/p>\n\n\n\n<figure class=\"wp-block-video\"><video controls src=\"http:\/\/curso-wp.ufpel.edu.br\/plugin-cobalto\/wp-content\/uploads\/sites\/187\/2019\/09\/matriz-01.mp4\"><\/video><\/figure>\n\n\n\n<p><a href=\"http:\/\/curso-wp.ufpel.edu.br\/plugin-cobalto\/matriz-curricular-demonstracao\/\">Veja aqui<\/a> a p\u00e1gina resultante do exemplo acima.<\/p>\n\n\n\n<p>O <em>shortcode<\/em> utilizado neste exemplo \u00e9:<\/p>\n\n\n\n<pre class=\"wp-block-code\"><code>&#91;cobalto-curriculo codigo=\"3910\"]<\/code><\/pre>\n\n\n\n<p>Para ver todas as op\u00e7\u00f5es dispon\u00edveis, consulte a <a href=\"http:\/\/curso-wp.ufpel.edu.br\/plugin-cobalto\/documentacao\/#curriculo\">documenta\u00e7\u00e3o do plugin COBALTO<\/a>. <\/p>\n\n\n\n<p>Voc\u00ea pode localizar o c\u00f3digo do curso no <a href=\"https:\/\/institucional.ufpel.edu.br\/cursos\">Portal Institucional UFPel<\/a>, buscando pelo curso desejado.<\/p>\n\n\n\n<div class=\"wp-block-image\"><figure class=\"aligncenter\"><img loading=\"lazy\" decoding=\"async\" width=\"765\" height=\"568\" src=\"http:\/\/curso-wp.ufpel.edu.br\/plugin-cobalto\/wp-content\/uploads\/sites\/187\/2019\/09\/Codigo-de-curso.png\" alt=\"\" class=\"wp-image-52\" srcset=\"https:\/\/curso-wp.ufpel.edu.br\/plugin-cobalto\/wp-content\/uploads\/sites\/187\/2019\/09\/Codigo-de-curso.png 765w, https:\/\/curso-wp.ufpel.edu.br\/plugin-cobalto\/wp-content\/uploads\/sites\/187\/2019\/09\/Codigo-de-curso-400x297.png 400w\" sizes=\"auto, (max-width: 765px) 100vw, 765px\" \/><\/figure><\/div>\n","protected":false},"excerpt":{"rendered":"<p>Veja como inserir a matriz curricular de um curso: Veja aqui a p\u00e1gina resultante do exemplo acima. O shortcode utilizado neste exemplo \u00e9: Para ver todas as op\u00e7\u00f5es dispon\u00edveis, consulte a documenta\u00e7\u00e3o do plugin COBALTO. Voc\u00ea pode localizar o c\u00f3digo do curso no Portal Institucional UFPel, buscando pelo curso desejado.<\/p>\n","protected":false},"author":34,"featured_media":0,"parent":0,"menu_order":0,"comment_status":"closed","ping_status":"closed","template":"","meta":{"footnotes":""},"class_list":["post-46","page","type-page","status-publish","hentry"],"_links":{"self":[{"href":"https:\/\/curso-wp.ufpel.edu.br\/plugin-cobalto\/wp-json\/wp\/v2\/pages\/46","targetHints":{"allow":["GET"]}}],"collection":[{"href":"https:\/\/curso-wp.ufpel.edu.br\/plugin-cobalto\/wp-json\/wp\/v2\/pages"}],"about":[{"href":"https:\/\/curso-wp.ufpel.edu.br\/plugin-cobalto\/wp-json\/wp\/v2\/types\/page"}],"author":[{"embeddable":true,"href":"https:\/\/curso-wp.ufpel.edu.br\/plugin-cobalto\/wp-json\/wp\/v2\/users\/34"}],"replies":[{"embeddable":true,"href":"https:\/\/curso-wp.ufpel.edu.br\/plugin-cobalto\/wp-json\/wp\/v2\/comments?post=46"}],"version-history":[{"count":4,"href":"https:\/\/curso-wp.ufpel.edu.br\/plugin-cobalto\/wp-json\/wp\/v2\/pages\/46\/revisions"}],"predecessor-version":[{"id":375,"href":"https:\/\/curso-wp.ufpel.edu.br\/plugin-cobalto\/wp-json\/wp\/v2\/pages\/46\/revisions\/375"}],"wp:attachment":[{"href":"https:\/\/curso-wp.ufpel.edu.br\/plugin-cobalto\/wp-json\/wp\/v2\/media?parent=46"}],"curies":[{"name":"wp","href":"https:\/\/api.w.org\/{rel}","templated":true}]}}