{"id":76,"date":"2019-09-19T12:47:18","date_gmt":"2019-09-19T15:47:18","guid":{"rendered":"https:\/\/wp-test.ufpel.edu.br\/plugin-cobalto\/?page_id=76"},"modified":"2021-11-24T18:54:19","modified_gmt":"2021-11-24T21:54:19","slug":"matriz-curricular-agrupada-por-carater-de-disciplina","status":"publish","type":"page","link":"https:\/\/curso-wp.ufpel.edu.br\/plugin-cobalto\/matriz-curricular-agrupada-por-carater-de-disciplina\/","title":{"rendered":"Matriz curricular agrupada por car\u00e1ter de disciplina"},"content":{"rendered":"\n<p>Veja neste v\u00eddeo como exibir apenas determinados grupos de disciplinas da matriz curricular:<\/p>\n\n\n\n<figure class=\"wp-block-video\"><video controls src=\"http:\/\/curso-wp.ufpel.edu.br\/plugin-cobalto\/wp-content\/uploads\/sites\/187\/2019\/09\/matriz-02.mp4\"><\/video><\/figure>\n\n\n\n<p><a href=\"http:\/\/curso-wp.ufpel.edu.br\/plugin-cobalto\/matriz-curricular-agrupada-demonstracao\/\">Veja aqui<\/a> a p\u00e1gina resultante deste exemplo.<\/p>\n\n\n\n<p>Os <em>shortcodes<\/em> utilizados no exemplo s\u00e3o:<\/p>\n\n\n\n<pre class=\"wp-block-code\"><code>&#91;cobalto-curriculo codigo=\"8102\" carater=\"1\"]<\/code><\/pre>\n\n\n\n<pre class=\"wp-block-code\"><code>&#91;cobalto-curriculo codigo=\"8102\" carater=\"2\"]<\/code><\/pre>\n\n\n\n<p>O par\u00e2metro <code>carater=\"1\"<\/code> exibe apenas disciplinas obrigat\u00f3rias, enquanto que <code>carater=\"2\"<\/code> exibe apenas optativas.<\/p>\n\n\n\n<p>Para ver outras op\u00e7\u00f5es dispon\u00edveis, consulte a <a href=\"http:\/\/curso-wp.ufpel.edu.br\/plugin-cobalto\/documentacao\/#curriculo\">documenta\u00e7\u00e3o do plugin COBALTO.<\/a><\/p>\n","protected":false},"excerpt":{"rendered":"<p>Veja neste v\u00eddeo como exibir apenas determinados grupos de disciplinas da matriz curricular: Veja aqui a p\u00e1gina resultante deste exemplo. Os shortcodes utilizados no exemplo s\u00e3o: O par\u00e2metro carater=&#8221;1&#8243; exibe apenas disciplinas obrigat\u00f3rias, enquanto que carater=&#8221;2&#8243; exibe apenas optativas. Para ver outras op\u00e7\u00f5es dispon\u00edveis, consulte a documenta\u00e7\u00e3o do plugin COBALTO.<\/p>\n","protected":false},"author":34,"featured_media":0,"parent":0,"menu_order":0,"comment_status":"closed","ping_status":"closed","template":"","meta":{"footnotes":""},"class_list":["post-76","page","type-page","status-publish","hentry"],"_links":{"self":[{"href":"https:\/\/curso-wp.ufpel.edu.br\/plugin-cobalto\/wp-json\/wp\/v2\/pages\/76","targetHints":{"allow":["GET"]}}],"collection":[{"href":"https:\/\/curso-wp.ufpel.edu.br\/plugin-cobalto\/wp-json\/wp\/v2\/pages"}],"about":[{"href":"https:\/\/curso-wp.ufpel.edu.br\/plugin-cobalto\/wp-json\/wp\/v2\/types\/page"}],"author":[{"embeddable":true,"href":"https:\/\/curso-wp.ufpel.edu.br\/plugin-cobalto\/wp-json\/wp\/v2\/users\/34"}],"replies":[{"embeddable":true,"href":"https:\/\/curso-wp.ufpel.edu.br\/plugin-cobalto\/wp-json\/wp\/v2\/comments?post=76"}],"version-history":[{"count":3,"href":"https:\/\/curso-wp.ufpel.edu.br\/plugin-cobalto\/wp-json\/wp\/v2\/pages\/76\/revisions"}],"predecessor-version":[{"id":376,"href":"https:\/\/curso-wp.ufpel.edu.br\/plugin-cobalto\/wp-json\/wp\/v2\/pages\/76\/revisions\/376"}],"wp:attachment":[{"href":"https:\/\/curso-wp.ufpel.edu.br\/plugin-cobalto\/wp-json\/wp\/v2\/media?parent=76"}],"curies":[{"name":"wp","href":"https:\/\/api.w.org\/{rel}","templated":true}]}}