{"id":479,"date":"2024-05-10T00:00:54","date_gmt":"2024-05-10T03:00:54","guid":{"rendered":"https:\/\/curso-wp.ufpel.edu.br\/ppgeteste\/?page_id=242"},"modified":"2024-08-19T18:55:28","modified_gmt":"2024-08-19T21:55:28","slug":"egressos-2","status":"publish","type":"page","link":"https:\/\/curso-wp.ufpel.edu.br\/sandrobortolazzo\/egressos-2\/","title":{"rendered":"Egressos"},"content":{"rendered":"<div id=\"pl-479\"  class=\"panel-layout\" ><div id=\"pg-479-0\"  class=\"panel-grid panel-no-style\" ><div id=\"pgc-479-0-0\"  class=\"panel-grid-cell\" ><div id=\"panel-479-0-0-0\" class=\"so-panel widget widget_sow-editor panel-first-child\" data-index=\"0\" ><div class=\"panel-widget-style panel-widget-style-for-479-0-0-0\" ><div\n\t\t\t\n\t\t\tclass=\"so-widget-sow-editor so-widget-sow-editor-base\"\n\t\t\t\n\t\t>\n<div class=\"siteorigin-widget-tinymce textwidget\">\n\t<p style=\"text-align: justify\"><span style=\"font-weight: 400\">Egressos dos cursos de mestrado e doutorado s\u00e3o aqueles que conclu\u00edram com \u00eaxito seus respectivos programas de p\u00f3s-gradua\u00e7\u00e3o. S\u00e3o pesquisadores que j\u00e1 obtiveram o t\u00edtulo de mestre ou doutor, ap\u00f3s terem cumprido todos os requisitos acad\u00eamicos exigidos pelo programa, incluindo a defesa de uma disserta\u00e7\u00e3o (no caso do mestrado) ou tese (no caso do doutorado). Egressos desses cursos s\u00e3o reconhecidos como especialistas em suas \u00e1reas de estudo, tendo adquirido conhecimento avan\u00e7ado e desenvolvido habilidades espec\u00edficas de pesquisa e an\u00e1lise.<\/span><\/p>\n<p style=\"text-align: center\">Acesse a lista completa de egressos dos cursos de <a href=\"https:\/\/institucional.ufpel.edu.br\/cursos\/cod\/7022#egressos\">mestrado<\/a> e <a href=\"https:\/\/institucional.ufpel.edu.br\/cursos\/cod\/8093#egressos\">doutorado<\/a>.<\/p>\n<\/div>\n<\/div><\/div><\/div><div id=\"panel-479-0-0-1\" class=\"so-panel widget widget_sow-testimonials panel-last-child\" data-index=\"1\" ><div class=\"panel-widget-style panel-widget-style-for-479-0-0-1\" ><div\n\t\t\t\n\t\t\tclass=\"so-widget-sow-testimonials so-widget-sow-testimonials-default-ccd4fc5a2569-479\"\n\t\t\t\n\t\t><div class=\"sow-testimonials\">\n\t\t\t\t\t<div class=\"sow-testimonial-wrapper sow-user-middle sow-layout-text-above\">\n\t\t\t<div class=\"sow-testimonial\">\n\t\t\t\t\t\t\t\t\t<div class=\"sow-testimonial-text\">\n\t\t\t\t\t\t<p><span style=\"font-weight: 400\">Se voc\u00ea \u00e9 egresso\/a dos Cursos de Mestrado e\/ou Doutorado do PPGE, atualize suas informa\u00e7\u00f5es junto a este Programa.<br \/>\n<\/span><span style=\"font-weight: 400\">Solicitamos que preencha<\/span><span style=\"font-weight: 400\">\u00a0<\/span><a href=\"https:\/\/forms.gle\/p8Va7mJAxdnp4ur46\"><span style=\"font-weight: 400\">formul\u00e1rio espec\u00edfico dispon\u00edvel.<\/span><\/a><\/p>\n\t\t\t\t\t<\/div>\n\t\t\t\t\n\t\t\t\t<div class=\"sow-testimonial-user\">\n\t\t\t\t\t\n\t\t\t\t\t<div class=\"sow-text\">\n\t\t\t\t\t\t\t\t\t\t\t\t\t<span class=\"sow-testimonial-name\"><strong><\/strong><\/span>\n\t\t\t\t\t\t\t\t\t\t\t\t\t\t\t\t\t\t\t\t\t\t\t\t\t\t\t\t\t<\/div>\n\t\t\t\t<\/div>\n\n\t\t\t\t\t\t\t<\/div>\n\t\t<\/div>\n\t<\/div>\n<\/div><\/div><\/div><\/div><\/div><\/div>","protected":false},"excerpt":{"rendered":"<p>Egressos dos cursos de mestrado e doutorado s\u00e3o aqueles que conclu\u00edram com \u00eaxito seus respectivos programas de p\u00f3s-gradua\u00e7\u00e3o. S\u00e3o pesquisadores que j\u00e1 obtiveram o t\u00edtulo de mestre ou doutor, ap\u00f3s terem cumprido todos os requisitos acad\u00eamicos exigidos pelo programa, incluindo a defesa de uma disserta\u00e7\u00e3o (no caso do mestrado) ou tese (no caso do doutorado). [&hellip;]<\/p>\n","protected":false},"author":162,"featured_media":0,"parent":0,"menu_order":0,"comment_status":"closed","ping_status":"closed","template":"page-sem-sidebar.php","meta":{"footnotes":""},"class_list":["post-479","page","type-page","status-publish","hentry"],"_links":{"self":[{"href":"https:\/\/curso-wp.ufpel.edu.br\/sandrobortolazzo\/wp-json\/wp\/v2\/pages\/479","targetHints":{"allow":["GET"]}}],"collection":[{"href":"https:\/\/curso-wp.ufpel.edu.br\/sandrobortolazzo\/wp-json\/wp\/v2\/pages"}],"about":[{"href":"https:\/\/curso-wp.ufpel.edu.br\/sandrobortolazzo\/wp-json\/wp\/v2\/types\/page"}],"author":[{"embeddable":true,"href":"https:\/\/curso-wp.ufpel.edu.br\/sandrobortolazzo\/wp-json\/wp\/v2\/users\/162"}],"replies":[{"embeddable":true,"href":"https:\/\/curso-wp.ufpel.edu.br\/sandrobortolazzo\/wp-json\/wp\/v2\/comments?post=479"}],"version-history":[{"count":6,"href":"https:\/\/curso-wp.ufpel.edu.br\/sandrobortolazzo\/wp-json\/wp\/v2\/pages\/479\/revisions"}],"predecessor-version":[{"id":3714,"href":"https:\/\/curso-wp.ufpel.edu.br\/sandrobortolazzo\/wp-json\/wp\/v2\/pages\/479\/revisions\/3714"}],"wp:attachment":[{"href":"https:\/\/curso-wp.ufpel.edu.br\/sandrobortolazzo\/wp-json\/wp\/v2\/media?parent=479"}],"curies":[{"name":"wp","href":"https:\/\/api.w.org\/{rel}","templated":true}]}}