{"id":481,"date":"2024-05-13T00:00:50","date_gmt":"2024-05-13T03:00:50","guid":{"rendered":"https:\/\/curso-wp.ufpel.edu.br\/ppgeteste\/?page_id=268"},"modified":"2024-07-29T16:36:27","modified_gmt":"2024-07-29T19:36:27","slug":"defesas","status":"publish","type":"page","link":"https:\/\/curso-wp.ufpel.edu.br\/sandrobortolazzo\/defesas\/","title":{"rendered":"Calend\u00e1rio de Defesas"},"content":{"rendered":"<div id=\"pl-481\"  class=\"panel-layout\" ><div id=\"pg-481-0\"  class=\"panel-grid panel-no-style\" ><div id=\"pgc-481-0-0\"  class=\"panel-grid-cell\" ><div id=\"panel-481-0-0-0\" class=\"so-panel widget widget_sow-tabs panel-first-child panel-last-child\" data-index=\"0\" ><div\n\t\t\t\n\t\t\tclass=\"so-widget-sow-tabs so-widget-sow-tabs-default-2a322c0cca2d-481\"\n\t\t\t\n\t\t><div class=\"sow-tabs\">\n\t<div class=\"sow-tabs-tab-container\" role=\"tablist\">\n\t\t\t<div\n\t\t\tclass=\"sow-tabs-tab\n\t\t\t sow-tabs-tab-selected\t\t\t\"\n\t\t\trole=\"tab\"\n\t\t\tdata-anchor-id=\"mestrado\"\n\t\t\taria-selected=\"true\"\n\t\t\ttabindex=\"0\"\n\t\t>\n\t\t\t<div class=\"sow-tabs-title sow-tabs-title-icon-left\">\n\t\t\t\t\t\t\t\tMestrado\t\t\t\t\t\t\t<\/div>\n\t\t<\/div>\n\t\t\t<div\n\t\t\tclass=\"sow-tabs-tab\n\t\t\t\t\t\t\"\n\t\t\trole=\"tab\"\n\t\t\tdata-anchor-id=\"doutorado\"\n\t\t\taria-selected=\"false\"\n\t\t\ttabindex=\"0\"\n\t\t>\n\t\t\t<div class=\"sow-tabs-title sow-tabs-title-icon-left\">\n\t\t\t\t\t\t\t\tDoutorado\t\t\t\t\t\t\t<\/div>\n\t\t<\/div>\n\t\t<\/div>\n\n\t<div class=\"sow-tabs-panel-container\">\n\t\t\t<div class=\"sow-tabs-panel\">\n\t\t\t<div\n\t\t\t\tclass=\"sow-tabs-panel-content\"\n\t\t\t\trole=\"tabpanel\"\n\t\t\t\taria-hidden=\"false\"\n\t\t\t>\n\t\t\t\t<table style=\"border-collapse: collapse;width: 100%\" border=\"1\">\n<tbody>\n<tr style=\"height: 120px\">\n<td style=\"width: 100%;height: 120px\"><span style=\"font-size: 10pt\"><strong><span style=\"font-size: 12pt\">T\u00edtulo:<br \/>\n<\/span><\/strong><\/span><span style=\"font-size: 10pt\"><strong><span style=\"font-size: 12pt\">Discente:<\/span><\/strong><span style=\"font-size: 12pt\"><br \/>\n<\/span><strong><span style=\"font-size: 12pt\">Qualifica\u00e7\u00e3o de Mestrado (\u00a0 )<br \/>\n<\/span><\/strong><\/span><span style=\"font-size: 10pt\"><strong><span style=\"font-size: 12pt\">Defesa de Mestrado (\u00a0 )<\/span><br \/>\n<span style=\"font-size: 12pt\">Cartaz\/Informa\u00e7\u00f5es<\/span><\/strong><\/span><\/td>\n<\/tr>\n<tr style=\"height: 120px\">\n<td style=\"width: 100%;height: 120px\"><span style=\"font-size: 10pt\"><strong><span style=\"font-size: 12pt\">T\u00edtulo:<br \/>\n<\/span><\/strong><\/span><span style=\"font-size: 10pt\"><strong><span style=\"font-size: 12pt\">Discente:<\/span><\/strong><span style=\"font-size: 12pt\"><br \/>\n<\/span><strong><span style=\"font-size: 12pt\">Qualifica\u00e7\u00e3o de Mestrado (\u00a0 )<br \/>\n<\/span><\/strong><\/span><span style=\"font-size: 10pt\"><strong><span style=\"font-size: 12pt\">Defesa de Mestrado (\u00a0 )<\/span><br \/>\n<span style=\"font-size: 12pt\">Cartaz\/Informa\u00e7\u00f5es<\/span><br \/>\n<\/strong><\/span><\/td>\n<\/tr>\n<tr style=\"height: 24px\">\n<td style=\"width: 100%;height: 24px\">&nbsp;\n<p>&nbsp;<\/p>\n<p>&nbsp;<\/p>\n<\/td>\n<\/tr>\n<\/tbody>\n<\/table>\n<p style=\"text-align: left\">\n<\/p>\t\t\t<\/div>\n\t\t<\/div>\n\t\t\t<div class=\"sow-tabs-panel\">\n\t\t\t<div\n\t\t\t\tclass=\"sow-tabs-panel-content\"\n\t\t\t\trole=\"tabpanel\"\n\t\t\t\taria-hidden=\"true\"\n\t\t\t>\n\t\t\t\t<table style=\"border-collapse: collapse;width: 100%\" border=\"1\">\n<tbody>\n<tr style=\"height: 120px\">\n<td style=\"width: 100%;height: 120px\"><span style=\"font-size: 10pt\"><strong><span style=\"font-size: 12pt\">T\u00edtulo:<br \/>\nDiscente:<br \/>\nQualifica\u00e7\u00e3o de Doutorado (\u00a0 )<br \/>\nDefesa de Doutorado (\u00a0 )<br \/>\nCartaz\/Informa\u00e7\u00f5es<\/span><\/strong><\/span><\/td>\n<\/tr>\n<tr style=\"height: 120px\">\n<td style=\"width: 100%;height: 120px\"><span style=\"font-size: 10pt\"><strong><span style=\"font-size: 12pt\">T\u00edtulo:<br \/>\nDiscente:<br \/>\nQualifica\u00e7\u00e3o de Doutorado (\u00a0 )<br \/>\nDefesa de Doutorado (\u00a0 )<br \/>\nCartaz\/Informa\u00e7\u00f5es<\/span><\/strong><\/span><\/td>\n<\/tr>\n<tr style=\"height: 24px\">\n<td style=\"width: 100%;height: 24px\"><span style=\"font-size: 10pt\"><strong><span style=\"font-size: 12pt\">T\u00edtulo:<br \/>\nDiscente:<br \/>\nQualifica\u00e7\u00e3o de Doutorado (\u00a0 )<br \/>\nDefesa de Doutorado (\u00a0 )<br \/>\nCartaz\/Informa\u00e7\u00f5es<\/span><\/strong><\/span><\/td>\n<\/tr>\n<\/tbody>\n<\/table>\n<p style=\"text-align: left\">\n<\/p>\t\t\t<\/div>\n\t\t<\/div>\n\t\t<\/div>\n<\/div>\n<\/div><\/div><\/div><\/div><\/div>","protected":false},"excerpt":{"rendered":"<p>Mestrado Doutorado T\u00edtulo: Discente: Qualifica\u00e7\u00e3o de Mestrado (\u00a0 ) Defesa de Mestrado (\u00a0 ) Cartaz\/Informa\u00e7\u00f5es T\u00edtulo: Discente: Qualifica\u00e7\u00e3o de Mestrado (\u00a0 ) Defesa de Mestrado (\u00a0 ) Cartaz\/Informa\u00e7\u00f5es &nbsp; &nbsp; &nbsp; T\u00edtulo: Discente: Qualifica\u00e7\u00e3o de Doutorado (\u00a0 ) Defesa de Doutorado (\u00a0 ) Cartaz\/Informa\u00e7\u00f5es T\u00edtulo: Discente: Qualifica\u00e7\u00e3o de Doutorado (\u00a0 ) Defesa de Doutorado (\u00a0 [&hellip;]<\/p>\n","protected":false},"author":162,"featured_media":0,"parent":0,"menu_order":0,"comment_status":"closed","ping_status":"closed","template":"page-sem-sidebar.php","meta":{"footnotes":""},"class_list":["post-481","page","type-page","status-publish","hentry"],"_links":{"self":[{"href":"https:\/\/curso-wp.ufpel.edu.br\/sandrobortolazzo\/wp-json\/wp\/v2\/pages\/481","targetHints":{"allow":["GET"]}}],"collection":[{"href":"https:\/\/curso-wp.ufpel.edu.br\/sandrobortolazzo\/wp-json\/wp\/v2\/pages"}],"about":[{"href":"https:\/\/curso-wp.ufpel.edu.br\/sandrobortolazzo\/wp-json\/wp\/v2\/types\/page"}],"author":[{"embeddable":true,"href":"https:\/\/curso-wp.ufpel.edu.br\/sandrobortolazzo\/wp-json\/wp\/v2\/users\/162"}],"replies":[{"embeddable":true,"href":"https:\/\/curso-wp.ufpel.edu.br\/sandrobortolazzo\/wp-json\/wp\/v2\/comments?post=481"}],"version-history":[{"count":4,"href":"https:\/\/curso-wp.ufpel.edu.br\/sandrobortolazzo\/wp-json\/wp\/v2\/pages\/481\/revisions"}],"predecessor-version":[{"id":3473,"href":"https:\/\/curso-wp.ufpel.edu.br\/sandrobortolazzo\/wp-json\/wp\/v2\/pages\/481\/revisions\/3473"}],"wp:attachment":[{"href":"https:\/\/curso-wp.ufpel.edu.br\/sandrobortolazzo\/wp-json\/wp\/v2\/media?parent=481"}],"curies":[{"name":"wp","href":"https:\/\/api.w.org\/{rel}","templated":true}]}}