{"id":483,"date":"2024-05-14T00:00:14","date_gmt":"2024-05-14T03:00:14","guid":{"rendered":"https:\/\/curso-wp.ufpel.edu.br\/ppgeteste\/?page_id=291"},"modified":"2024-08-07T09:48:58","modified_gmt":"2024-08-07T12:48:58","slug":"teses-defendidas","status":"publish","type":"page","link":"https:\/\/curso-wp.ufpel.edu.br\/sandrobortolazzo\/teses-defendidas\/","title":{"rendered":"Teses Defendidas"},"content":{"rendered":"<div id=\"pl-483\"  class=\"panel-layout\" ><div id=\"pg-483-0\"  class=\"panel-grid panel-no-style\" ><div id=\"pgc-483-0-0\"  class=\"panel-grid-cell panel-grid-cell-empty\" ><\/div><div id=\"pgc-483-0-1\"  class=\"panel-grid-cell\" ><div id=\"panel-483-0-1-0\" class=\"so-panel widget widget_sow-button panel-first-child\" data-index=\"0\" ><div id=\"botao\" class=\"panel-widget-style panel-widget-style-for-483-0-1-0\" ><div\n\t\t\t\n\t\t\tclass=\"so-widget-sow-button so-widget-sow-button-wire-ca7161560136-483\"\n\t\t\t\n\t\t><div class=\"ow-button-base ow-button-align-center\"\n>\n\t\t\t<a\n\t\t\t\tclass=\"sowb-button ow-icon-placement-left ow-button-hover\" \t>\n\t\t<span>\n\t\t\t\n\t\t\t2009\t\t<\/span>\n\t\t\t<\/a>\n\t<\/div>\n<\/div><\/div><\/div><div id=\"panel-483-0-1-1\" class=\"so-panel widget widget_sow-button panel-last-child\" data-index=\"1\" ><div id=\"botao\" class=\"panel-widget-style panel-widget-style-for-483-0-1-1\" ><div\n\t\t\t\n\t\t\tclass=\"so-widget-sow-button so-widget-sow-button-wire-ca7161560136-483\"\n\t\t\t\n\t\t><div class=\"ow-button-base ow-button-align-center\"\n>\n\t\t\t<a\n\t\t\t\tclass=\"sowb-button ow-icon-placement-left ow-button-hover\" \t>\n\t\t<span>\n\t\t\t\n\t\t\t2019\t\t<\/span>\n\t\t\t<\/a>\n\t<\/div>\n<\/div><\/div><\/div><\/div><div id=\"pgc-483-0-2\"  class=\"panel-grid-cell\" ><div id=\"panel-483-0-2-0\" class=\"so-panel widget widget_sow-button panel-first-child\" data-index=\"2\" ><div id=\"botao\" class=\"panel-widget-style panel-widget-style-for-483-0-2-0\" ><div\n\t\t\t\n\t\t\tclass=\"so-widget-sow-button so-widget-sow-button-wire-ca7161560136-483\"\n\t\t\t\n\t\t><div class=\"ow-button-base ow-button-align-center\"\n>\n\t\t\t<a\n\t\t\t\tclass=\"sowb-button ow-icon-placement-left ow-button-hover\" \t>\n\t\t<span>\n\t\t\t\n\t\t\t2010\t\t<\/span>\n\t\t\t<\/a>\n\t<\/div>\n<\/div><\/div><\/div><div id=\"panel-483-0-2-1\" class=\"so-panel widget widget_sow-button panel-last-child\" data-index=\"3\" ><div id=\"botao\" class=\"panel-widget-style panel-widget-style-for-483-0-2-1\" ><div\n\t\t\t\n\t\t\tclass=\"so-widget-sow-button so-widget-sow-button-wire-ca7161560136-483\"\n\t\t\t\n\t\t><div class=\"ow-button-base ow-button-align-center\"\n>\n\t\t\t<a\n\t\t\t\tclass=\"sowb-button ow-icon-placement-left ow-button-hover\" \t>\n\t\t<span>\n\t\t\t\n\t\t\t2020\t\t<\/span>\n\t\t\t<\/a>\n\t<\/div>\n<\/div><\/div><\/div><\/div><div id=\"pgc-483-0-3\"  class=\"panel-grid-cell\" ><div id=\"panel-483-0-3-0\" class=\"so-panel widget widget_sow-button panel-first-child\" data-index=\"4\" ><div id=\"botao\" class=\"panel-widget-style panel-widget-style-for-483-0-3-0\" ><div\n\t\t\t\n\t\t\tclass=\"so-widget-sow-button so-widget-sow-button-wire-ca7161560136-483\"\n\t\t\t\n\t\t><div class=\"ow-button-base ow-button-align-center\"\n>\n\t\t\t<a\n\t\t\t\tclass=\"sowb-button ow-icon-placement-left ow-button-hover\" \t>\n\t\t<span>\n\t\t\t\n\t\t\t2011\t\t<\/span>\n\t\t\t<\/a>\n\t<\/div>\n<\/div><\/div><\/div><div id=\"panel-483-0-3-1\" class=\"so-panel widget widget_sow-button panel-last-child\" data-index=\"5\" ><div id=\"botao\" class=\"panel-widget-style panel-widget-style-for-483-0-3-1\" ><div\n\t\t\t\n\t\t\tclass=\"so-widget-sow-button so-widget-sow-button-wire-ca7161560136-483\"\n\t\t\t\n\t\t><div class=\"ow-button-base ow-button-align-center\"\n>\n\t\t\t<a\n\t\t\t\tclass=\"sowb-button ow-icon-placement-left ow-button-hover\" \t>\n\t\t<span>\n\t\t\t\n\t\t\t2021\t\t<\/span>\n\t\t\t<\/a>\n\t<\/div>\n<\/div><\/div><\/div><\/div><div id=\"pgc-483-0-4\"  class=\"panel-grid-cell\" ><div id=\"panel-483-0-4-0\" class=\"so-panel widget widget_sow-button panel-first-child\" data-index=\"6\" ><div id=\"botao\" class=\"panel-widget-style panel-widget-style-for-483-0-4-0\" ><div\n\t\t\t\n\t\t\tclass=\"so-widget-sow-button so-widget-sow-button-wire-ca7161560136-483\"\n\t\t\t\n\t\t><div class=\"ow-button-base ow-button-align-center\"\n>\n\t\t\t<a\n\t\t\t\tclass=\"sowb-button ow-icon-placement-left ow-button-hover\" \t>\n\t\t<span>\n\t\t\t\n\t\t\t2012\t\t<\/span>\n\t\t\t<\/a>\n\t<\/div>\n<\/div><\/div><\/div><div id=\"panel-483-0-4-1\" class=\"so-panel widget widget_sow-button panel-last-child\" data-index=\"7\" ><div id=\"botao\" class=\"panel-widget-style panel-widget-style-for-483-0-4-1\" ><div\n\t\t\t\n\t\t\tclass=\"so-widget-sow-button so-widget-sow-button-wire-ca7161560136-483\"\n\t\t\t\n\t\t><div class=\"ow-button-base ow-button-align-center\"\n>\n\t\t\t<a\n\t\t\t\tclass=\"sowb-button ow-icon-placement-left ow-button-hover\" \t>\n\t\t<span>\n\t\t\t\n\t\t\t2022\t\t<\/span>\n\t\t\t<\/a>\n\t<\/div>\n<\/div><\/div><\/div><\/div><div id=\"pgc-483-0-5\"  class=\"panel-grid-cell\" ><div id=\"panel-483-0-5-0\" class=\"so-panel widget widget_sow-button panel-first-child\" data-index=\"8\" ><div id=\"botao\" class=\"panel-widget-style panel-widget-style-for-483-0-5-0\" ><div\n\t\t\t\n\t\t\tclass=\"so-widget-sow-button so-widget-sow-button-wire-ca7161560136-483\"\n\t\t\t\n\t\t><div class=\"ow-button-base ow-button-align-center\"\n>\n\t\t\t<a\n\t\t\t\tclass=\"sowb-button ow-icon-placement-left ow-button-hover\" \t>\n\t\t<span>\n\t\t\t\n\t\t\t2013\t\t<\/span>\n\t\t\t<\/a>\n\t<\/div>\n<\/div><\/div><\/div><div id=\"panel-483-0-5-1\" class=\"so-panel widget widget_sow-button panel-last-child\" data-index=\"9\" ><div id=\"botao\" class=\"panel-widget-style panel-widget-style-for-483-0-5-1\" ><div\n\t\t\t\n\t\t\tclass=\"so-widget-sow-button so-widget-sow-button-wire-ca7161560136-483\"\n\t\t\t\n\t\t><div class=\"ow-button-base ow-button-align-center\"\n>\n\t\t\t<a\n\t\t\t\tclass=\"sowb-button ow-icon-placement-left ow-button-hover\" \t>\n\t\t<span>\n\t\t\t\n\t\t\t2023\t\t<\/span>\n\t\t\t<\/a>\n\t<\/div>\n<\/div><\/div><\/div><\/div><div id=\"pgc-483-0-6\"  class=\"panel-grid-cell\" ><div id=\"panel-483-0-6-0\" class=\"so-panel widget widget_sow-button panel-first-child panel-last-child\" data-index=\"10\" ><div id=\"botao\" class=\"panel-widget-style panel-widget-style-for-483-0-6-0\" ><div\n\t\t\t\n\t\t\tclass=\"so-widget-sow-button so-widget-sow-button-wire-ca7161560136-483\"\n\t\t\t\n\t\t><div class=\"ow-button-base ow-button-align-center\"\n>\n\t\t\t<a\n\t\t\t\tclass=\"sowb-button ow-icon-placement-left ow-button-hover\" \t>\n\t\t<span>\n\t\t\t\n\t\t\t2014\t\t<\/span>\n\t\t\t<\/a>\n\t<\/div>\n<\/div><\/div><\/div><\/div><div id=\"pgc-483-0-7\"  class=\"panel-grid-cell\" ><div id=\"panel-483-0-7-0\" class=\"so-panel widget widget_sow-button panel-first-child panel-last-child\" data-index=\"11\" ><div id=\"botao\" class=\"panel-widget-style panel-widget-style-for-483-0-7-0\" ><div\n\t\t\t\n\t\t\tclass=\"so-widget-sow-button so-widget-sow-button-wire-ca7161560136-483\"\n\t\t\t\n\t\t><div class=\"ow-button-base ow-button-align-center\"\n>\n\t\t\t<a\n\t\t\t\t\thref=\"https:\/\/curso-wp.ufpel.edu.br\/sandrobortolazzo\/2005\/06\/17\/dissertacoes-defendidas-em-2005\/\"\n\t\t\t\t\tclass=\"sowb-button ow-icon-placement-left ow-button-hover\" \t>\n\t\t<span>\n\t\t\t\n\t\t\t2015\t\t<\/span>\n\t\t\t<\/a>\n\t<\/div>\n<\/div><\/div><\/div><\/div><div id=\"pgc-483-0-8\"  class=\"panel-grid-cell\" ><div id=\"panel-483-0-8-0\" class=\"so-panel widget widget_sow-button panel-first-child panel-last-child\" data-index=\"12\" ><div id=\"botao\" class=\"panel-widget-style panel-widget-style-for-483-0-8-0\" ><div\n\t\t\t\n\t\t\tclass=\"so-widget-sow-button so-widget-sow-button-wire-ca7161560136-483\"\n\t\t\t\n\t\t><div class=\"ow-button-base ow-button-align-center\"\n>\n\t\t\t<a\n\t\t\t\t\thref=\"https:\/\/curso-wp.ufpel.edu.br\/sandrobortolazzo\/2005\/06\/17\/dissertacoes-defendidas-em-2005\/\"\n\t\t\t\t\tclass=\"sowb-button ow-icon-placement-left ow-button-hover\" \t>\n\t\t<span>\n\t\t\t\n\t\t\t2016\t\t<\/span>\n\t\t\t<\/a>\n\t<\/div>\n<\/div><\/div><\/div><\/div><div id=\"pgc-483-0-9\"  class=\"panel-grid-cell\" ><div id=\"panel-483-0-9-0\" class=\"so-panel widget widget_sow-button panel-first-child panel-last-child\" data-index=\"13\" ><div id=\"botao\" class=\"panel-widget-style panel-widget-style-for-483-0-9-0\" ><div\n\t\t\t\n\t\t\tclass=\"so-widget-sow-button so-widget-sow-button-wire-ca7161560136-483\"\n\t\t\t\n\t\t><div class=\"ow-button-base ow-button-align-center\"\n>\n\t\t\t<a\n\t\t\t\tclass=\"sowb-button ow-icon-placement-left ow-button-hover\" \t>\n\t\t<span>\n\t\t\t\n\t\t\t2017\t\t<\/span>\n\t\t\t<\/a>\n\t<\/div>\n<\/div><\/div><\/div><\/div><div id=\"pgc-483-0-10\"  class=\"panel-grid-cell panel-grid-cell-mobile-last\" ><div id=\"panel-483-0-10-0\" class=\"so-panel widget widget_sow-button panel-first-child panel-last-child\" data-index=\"14\" ><div id=\"botao\" class=\"panel-widget-style panel-widget-style-for-483-0-10-0\" ><div\n\t\t\t\n\t\t\tclass=\"so-widget-sow-button so-widget-sow-button-wire-ca7161560136-483\"\n\t\t\t\n\t\t><div class=\"ow-button-base ow-button-align-center\"\n>\n\t\t\t<a\n\t\t\t\tclass=\"sowb-button ow-icon-placement-left ow-button-hover\" \t>\n\t\t<span>\n\t\t\t\n\t\t\t2018\t\t<\/span>\n\t\t\t<\/a>\n\t<\/div>\n<\/div><\/div><\/div><\/div><div id=\"pgc-483-0-11\"  class=\"panel-grid-cell panel-grid-cell-empty\" ><\/div><\/div><div id=\"pg-483-1\"  class=\"panel-grid panel-no-style\" ><div id=\"pgc-483-1-0\"  class=\"panel-grid-cell\" ><div id=\"panel-483-1-0-0\" class=\"so-panel widget widget_sow-blog panel-first-child panel-last-child\" data-index=\"15\" ><div\n\t\t\t\n\t\t\tclass=\"so-widget-sow-blog so-widget-sow-blog-standard-7cfe8fc45238-483\"\n\t\t\t\n\t\t>\t\t<div\n\t\tclass=\"sow-blog sow-blog-layout-standard\"\n\t\tdata-template=\"standard\"\n\t\tdata-settings=\"{&quot;columns&quot;:&quot;&quot;,&quot;featured_image_empty&quot;:true,&quot;featured_image_size&quot;:&quot;full&quot;,&quot;featured_image_size_width&quot;:&quot;&quot;,&quot;featured_image_size_height&quot;:&quot;&quot;,&quot;tag&quot;:&quot;h2&quot;,&quot;content&quot;:&quot;full&quot;,&quot;excerpt_length&quot;:55,&quot;filter_categories&quot;:false,&quot;so_field_container_state&quot;:&quot;closed&quot;,&quot;featured_image&quot;:&quot;&quot;,&quot;read_more&quot;:&quot;&quot;,&quot;date&quot;:&quot;&quot;,&quot;author&quot;:&quot;&quot;,&quot;categories&quot;:&quot;&quot;,&quot;tags&quot;:&quot;&quot;,&quot;comment_count&quot;:&quot;&quot;,&quot;trim_manual_excerpt&quot;:&quot;&quot;,&quot;template&quot;:&quot;standard&quot;}\"\n\t\tdata-paged=\"1\"\n\t\tdata-paging-id=\"7cfe8fc45238\"\n\t\tdata-total-pages=\"15\"\n\t\tdata-hash=\"126fb6ca\"\n\t>\n\t\t\n\t\t\t\t\t\t\t<div class=\"sow-blog-posts\">\n\t\t\t\t<article id=\"post-3652\" class=\"post-3652 post type-post status-publish format-standard hentry category-teses\" style=\"margin: 0 0 40px\">\n\t\t\t\t<div class=\"sow-blog-content-wrapper\"\n\t\t style=\"padding: 25px 30px 38px;\">\n\t\t\t\t<header class=\"sow-entry-header\">\n\t\t\t<h2 class=\"sow-entry-title\" style=\"margin: 0 0 5px;\"><a href=\"https:\/\/curso-wp.ufpel.edu.br\/sandrobortolazzo\/2023\/08\/07\/teses-defendidas-em-2023\/\" rel=\"bookmark\">Teses defendidas em 2023<\/a><\/h2>\t\t\t<div class=\"sow-entry-meta\">\n\t\t\t\t\n\t\t\n\t\t\n\t\t\t\t\t<\/div>\n\t\t<\/header>\n\n\t\t\t\t\t<div\n\t\t\t\tclass=\"sow-entry-content\"\n\t\t\t\tstyle=\"margin-top: 20px;\"\n\t\t\t>\n\t\t\t\t<p><span style=\"font-weight: 400\">T\u00edtulo: <\/span><a href=\"https:\/\/guaiaca.ufpel.edu.br\/handle\/prefix\/12885\"><span style=\"font-weight: 400\">Os fundamentos ontol\u00f3gicos do pensamento pedag\u00f3gico de Paulo Freire<\/span><\/a><span style=\"font-weight: 400\"><br \/>\n<\/span><span style=\"font-weight: 400\">Autoria: <\/span><a href=\"http:\/\/lattes.cnpq.br\/2938641434805014\"><span style=\"font-weight: 400\">Alexandre Reinaldo Prot\u00e1sio<\/span><\/a><\/p>\n<hr \/>\n<p><span style=\"font-weight: 400\">T\u00edtulo: <\/span><a href=\"https:\/\/guaiaca.ufpel.edu.br\/handle\/prefix\/12886\"><span style=\"font-weight: 400\">Teoriza\u00e7\u00e3o do estudar e epistemologia social como potencialidade da educa\u00e7\u00e3o: a pr\u00e1xis pedag\u00f3gica perpassa a autobiografia<\/span><\/a><span style=\"font-weight: 400\"><br \/>\n<\/span><span style=\"font-weight: 400\">Autoria: <\/span><a href=\"http:\/\/lattes.cnpq.br\/5405934193410031\"><span style=\"font-weight: 400\">\u00c1lvaro\u00a0Veiga J\u00fanior<\/span><\/a><\/p>\n<hr \/>\n<p><span style=\"font-weight: 400\">T\u00edtulo: <\/span><a href=\"https:\/\/guaiaca.ufpel.edu.br\/handle\/prefix\/12887\"><span style=\"font-weight: 400\">Of\u00e9lia: hist\u00f3ria de vida de uma educadora na constru\u00e7\u00e3o da primeira escola ginasial, p\u00fablica e estadual em Tiangu\u00e1, Cear\u00e1<\/span><\/a><span style=\"font-weight: 400\"><br \/>\n<\/span><span style=\"font-weight: 400\">Autoria: <\/span><a href=\"http:\/\/lattes.cnpq.br\/9612615505412467\"><span style=\"font-weight: 400\">Ant\u00f4nia Nilene Portela de Sousa<\/span><\/a><\/p>\n<hr \/>\n<p><span style=\"font-weight: 400\">T\u00edtulo: <\/span><a href=\"https:\/\/guaiaca.ufpel.edu.br\/handle\/prefix\/10205\"><span style=\"font-weight: 400\">Plano Educacional Individualizado e tecnologia: contribui\u00e7\u00f5es na pr\u00e1xis educacional para a inclus\u00e3o de alunos com autismo<\/span><\/a><span style=\"font-weight: 400\"><br \/>\n<\/span><span style=\"font-weight: 400\">Autoria: <\/span><a href=\"http:\/\/lattes.cnpq.br\/7905088798560710\"><span style=\"font-weight: 400\">Daniel da Silva Costa<\/span><\/a><\/p>\n<hr \/>\n<p><span style=\"font-weight: 400\">T\u00edtulo: <\/span><a href=\"https:\/\/guaiaca.ufpel.edu.br\/handle\/prefix\/12888\"><span style=\"font-weight: 400\">Contribui\u00e7\u00f5es te\u00f3ricas e vivenciais de mulheres negras para a forma\u00e7\u00e3o em psicologia na Universidade Federal do Rio Grande<\/span><\/a><span style=\"font-weight: 400\"><br \/>\n<\/span><span style=\"font-weight: 400\">Autoria: <\/span><a href=\"http:\/\/lattes.cnpq.br\/5895256644935825\"><span style=\"font-weight: 400\">Di\u00f4nvera Coelho da Silva<\/span><\/a><\/p>\n<hr \/>\n<p><span style=\"font-weight: 400\">T\u00edtulo: <\/span><a href=\"https:\/\/guaiaca.ufpel.edu.br\/handle\/prefix\/10216\"><span style=\"font-weight: 400\">Nican mopohua: o espa\u00e7o-tempo-devaneio na escrita do cinema<\/span><\/a><span style=\"font-weight: 400\"><br \/>\n<\/span><span style=\"font-weight: 400\">Autoria: <\/span><a href=\"http:\/\/lattes.cnpq.br\/9128137791269670\"><span style=\"font-weight: 400\">lsadora Ebersol<\/span><\/a><\/p>\n<hr \/>\n<p><span style=\"font-weight: 400\">T\u00edtulo: <\/span><a href=\"https:\/\/guaiaca.ufpel.edu.br\/handle\/prefix\/12889\"><span style=\"font-weight: 400\">O potencial inovador de a\u00e7\u00f5es extensionistas refletido nas pr\u00e1ticas docentes de cursos de gradua\u00e7\u00e3o da UVA-CE: o caso das Ligas Acad\u00eamicas<\/span><\/a><br \/>\n<span style=\"font-weight: 400\">Autoria: <\/span><a href=\"http:\/\/lattes.cnpq.br\/7375381121158574\"><span style=\"font-weight: 400\">J\u00f4nia T\u00edrcia Parente Jardim Albuquerque<\/span><\/a><\/p>\n<hr \/>\n<p><span style=\"font-weight: 400\">T\u00edtulo: <\/span><a href=\"https:\/\/guaiaca.ufpel.edu.br\/handle\/prefix\/12896\"><span style=\"font-weight: 400\">A educa\u00e7\u00e3o pela pedra: Jericoacoara, mem\u00f3ria e narra\u00e7\u00e3o<\/span><\/a><span style=\"font-weight: 400\"><br \/>\n<\/span><span style=\"font-weight: 400\">Autoria: <\/span><a href=\"http:\/\/lattes.cnpq.br\/5330044270021597\"><span style=\"font-weight: 400\">Jos\u00e9 Osmar Fonteles<\/span><\/a><\/p>\n<hr \/>\n<p><span style=\"font-weight: 400\">T\u00edtulo: <\/span><a href=\"https:\/\/guaiaca.ufpel.edu.br\/handle\/prefix\/12897\"><span style=\"font-weight: 400\">Narrativas de mulheres sobre o processo de feminiliza\u00e7\u00e3o na educa\u00e7\u00e3o profissional e tecnol\u00f3gica: avan\u00e7os e perman\u00eancias nas rela\u00e7\u00f5es de g\u00eanero em uma perspectiva interseccional<\/span><\/a><span style=\"font-weight: 400\"><br \/>\n<\/span><span style=\"font-weight: 400\">Autoria: <\/span><a href=\"http:\/\/lattes.cnpq.br\/3834080063601079\"><span style=\"font-weight: 400\">Let\u00edcia Mossate Jobim<\/span><\/a><\/p>\n<hr \/>\n<p><span style=\"font-weight: 400\">T\u00edtulo: <\/span><a href=\"https:\/\/guaiaca.ufpel.edu.br\/handle\/prefix\/9554\"><span style=\"font-weight: 400\">Forma\u00e7\u00e3o para o mundo do trabalho no s\u00e9culo XXI: rela\u00e7\u00f5es entre teorias curriculares, nova gest\u00e3o p\u00fablica e transforma\u00e7\u00f5es na educa\u00e7\u00e3o superior<\/span><\/a><span style=\"font-weight: 400\"><br \/>\n<\/span><span style=\"font-weight: 400\">Autoria: <\/span><a href=\"http:\/\/lattes.cnpq.br\/9494749129911078\"><span style=\"font-weight: 400\">Lia Cristiane Lima Hallwass<\/span><\/a><\/p>\n<hr \/>\n<p><span style=\"font-weight: 400\">T\u00edtulo: <\/span><a href=\"https:\/\/guaiaca.ufpel.edu.br\/handle\/prefix\/12898\"><span style=\"font-weight: 400\">Tese-cr\u00f4nica: uma pr\u00e1tica de imagina\u00e7\u00e3o e escrita feminista latino-americana<\/span><\/a><span style=\"font-weight: 400\"><br \/>\n<\/span><span style=\"font-weight: 400\">Autoria: <\/span><a href=\"http:\/\/lattes.cnpq.br\/5920998622215400\"><span style=\"font-weight: 400\">Livian Lino Netto<\/span><\/a><\/p>\n<hr \/>\n<p><span style=\"font-weight: 400\">T\u00edtulo: <\/span><a href=\"https:\/\/guaiaca.ufpel.edu.br\/handle\/prefix\/12900\"><span style=\"font-weight: 400\">Contribui\u00e7\u00f5es da produ\u00e7\u00e3o de v\u00eddeos did\u00e1ticos de trigonometria para a forma\u00e7\u00e3o de professores de matem\u00e1tica<\/span><\/a><span style=\"font-weight: 400\"><br \/>\n<\/span><span style=\"font-weight: 400\">Autoria: <\/span><a href=\"http:\/\/lattes.cnpq.br\/1238525895578581\"><span style=\"font-weight: 400\">M\u00e1rcio Nascimento da Silva<\/span><\/a><\/p>\n<hr \/>\n<p><span style=\"font-weight: 400\">T\u00edtulo: <\/span><a href=\"https:\/\/guaiaca.ufpel.edu.br\/handle\/prefix\/12899\"><span style=\"font-weight: 400\">Apropria\u00e7\u00e3o de professores-leitores do impresso O Amigo das Crian\u00e7as utilizado nas escolas dominicais no contexto luterano em Pelotas\/RS (1960-1990)<\/span><\/a><span style=\"font-weight: 400\"><br \/>\n<\/span><span style=\"font-weight: 400\">Autoria: <\/span><a href=\"http:\/\/lattes.cnpq.br\/8285487112168128\"><span style=\"font-weight: 400\">Marcio Nilander Avila Barreto<\/span><\/a><\/p>\n<hr \/>\n<p><span style=\"font-weight: 400\">T\u00edtulo:<\/span><a href=\"https:\/\/guaiaca.ufpel.edu.br\/handle\/prefix\/9556\"><span style=\"font-weight: 400\">O Programa de pesquisa de Lakatos e sua contribui\u00e7\u00e3o para a forma\u00e7\u00e3o docente: fundamentos para o n\u00facleo estruturante da interculturalidade triangular<\/span><\/a><span style=\"font-weight: 400\"><br \/>\n<\/span><span style=\"font-weight: 400\">Autoria: <\/span><a href=\"http:\/\/lattes.cnpq.br\/7802968102184426\"><span style=\"font-weight: 400\">Rich\u00e9le Timm dos Passos da Silva<\/span><\/a><\/p>\n<hr \/>\n<p><span style=\"font-weight: 400\">T\u00edtulo: <\/span><a href=\"https:\/\/guaiaca.ufpel.edu.br\/handle\/prefix\/10221\"><span style=\"font-weight: 400\">A aula vazia: experi\u00eancias de ensino de artes visuais em espa\u00e7os acad\u00eamicos<\/span><\/a><span style=\"font-weight: 400\"><br \/>\n<\/span><span style=\"font-weight: 400\">Autoria: <\/span><a href=\"http:\/\/lattes.cnpq.br\/0517772203547563\"><span style=\"font-weight: 400\">Sabina Vallarino Sebasti<\/span><\/a><\/p>\n<hr \/>\n<p><span style=\"font-weight: 400\">T\u00edtulo: <\/span><a href=\"https:\/\/guaiaca.ufpel.edu.br\/handle\/prefix\/9505\"><span style=\"font-weight: 400\">A doc\u00eancia como artesania: por um pensar e agir hermen\u00eautico<\/span><\/a><br \/>\n<span style=\"font-weight: 400\">Autoria: <\/span><a href=\"http:\/\/lattes.cnpq.br\/3524533374031630\"><span style=\"font-weight: 400\">S\u00edlvia Nilc\u00e9ia Gon\u00e7alves<\/span><\/a><\/p>\n<hr \/>\n<p><span style=\"font-weight: 400\">T\u00edtulo: <\/span><a href=\"https:\/\/guaiaca.ufpel.edu.br\/handle\/prefix\/10223\"><span style=\"font-weight: 400\">Sonhos e escrita de pesquisa: por uma pedagogia da trama<\/span><\/a><span style=\"font-weight: 400\"><br \/>\n<\/span><span style=\"font-weight: 400\">Autoria: <\/span><a href=\"http:\/\/lattes.cnpq.br\/7015068014950712\"><span style=\"font-weight: 400\">Tatiani M\u00fcller Kohls<\/span><\/a><\/p>\n\t\t\t<\/div>\n\t\t\t\t<\/div>\n<\/article>\n\t\t\t<\/div>\n\t\t\t\t\t\t<nav class=\"sow-post-navigation\">\n\t\t\t\t<h3 class=\"screen-reader-text\">Pagination<\/h3>\n\t\t\t\t<div class=\"sow-nav-links\">\n\t\t\t\t\t<span aria-current=\"page\" class=\"page-numbers current\">1<\/span>\n<a class=\"page-numbers\" href=\"https:\/\/curso-wp.ufpel.edu.br\/sandrobortolazzo\/2023\/08\/07\/teses-defendidas-em-2023\/?sow-7cfe8fc45238=2\">2<\/a>\n<a class=\"page-numbers\" href=\"https:\/\/curso-wp.ufpel.edu.br\/sandrobortolazzo\/2023\/08\/07\/teses-defendidas-em-2023\/?sow-7cfe8fc45238=3\">3<\/a>\n<span class=\"page-numbers dots\">&hellip;<\/span>\n<a class=\"page-numbers\" href=\"https:\/\/curso-wp.ufpel.edu.br\/sandrobortolazzo\/2023\/08\/07\/teses-defendidas-em-2023\/?sow-7cfe8fc45238=15\">15<\/a>\n<a class=\"next page-numbers\" href=\"https:\/\/curso-wp.ufpel.edu.br\/sandrobortolazzo\/2023\/08\/07\/teses-defendidas-em-2023\/?sow-7cfe8fc45238=2\">&rarr;<\/a>\t\t\t\t<\/div>\n\t\t\t<\/nav>\n\t\t\t\t\t\t\t\t<\/div>\n\t<\/div><\/div><\/div><\/div><\/div>","protected":false},"excerpt":{"rendered":"","protected":false},"author":162,"featured_media":0,"parent":0,"menu_order":0,"comment_status":"closed","ping_status":"closed","template":"page-sem-sidebar.php","meta":{"footnotes":""},"class_list":["post-483","page","type-page","status-publish","hentry"],"_links":{"self":[{"href":"https:\/\/curso-wp.ufpel.edu.br\/sandrobortolazzo\/wp-json\/wp\/v2\/pages\/483","targetHints":{"allow":["GET"]}}],"collection":[{"href":"https:\/\/curso-wp.ufpel.edu.br\/sandrobortolazzo\/wp-json\/wp\/v2\/pages"}],"about":[{"href":"https:\/\/curso-wp.ufpel.edu.br\/sandrobortolazzo\/wp-json\/wp\/v2\/types\/page"}],"author":[{"embeddable":true,"href":"https:\/\/curso-wp.ufpel.edu.br\/sandrobortolazzo\/wp-json\/wp\/v2\/users\/162"}],"replies":[{"embeddable":true,"href":"https:\/\/curso-wp.ufpel.edu.br\/sandrobortolazzo\/wp-json\/wp\/v2\/comments?post=483"}],"version-history":[{"count":9,"href":"https:\/\/curso-wp.ufpel.edu.br\/sandrobortolazzo\/wp-json\/wp\/v2\/pages\/483\/revisions"}],"predecessor-version":[{"id":3607,"href":"https:\/\/curso-wp.ufpel.edu.br\/sandrobortolazzo\/wp-json\/wp\/v2\/pages\/483\/revisions\/3607"}],"wp:attachment":[{"href":"https:\/\/curso-wp.ufpel.edu.br\/sandrobortolazzo\/wp-json\/wp\/v2\/media?parent=483"}],"curies":[{"name":"wp","href":"https:\/\/api.w.org\/{rel}","templated":true}]}}