{"id":1123,"date":"2012-12-05T22:38:18","date_gmt":"2012-12-06T00:38:18","guid":{"rendered":"http:\/\/ifm.ufpel.edu.br\/pgfisica\/site\/?page_id=1123"},"modified":"2019-10-18T11:27:59","modified_gmt":"2019-10-18T14:27:59","slug":"coordenacao","status":"publish","type":"page","link":"https:\/\/curso-wp.ufpel.edu.br\/tema-pique\/teste\/coordenacao\/","title":{"rendered":"Coordena\u00e7\u00e3o"},"content":{"rendered":"<p>Informa\u00e7\u00f5es sobre a Coordena\u00e7\u00e3o do Programa<\/p>\n<p><!--more--><\/p>\n<p>&nbsp;<\/p>\n<blockquote><p>As informa\u00e7\u00f5es contidas neste site t\u00eam a finalidade apenas de ilustrar aplica\u00e7\u00f5es t\u00edpicas no \u00e2mbito da UFPel e n\u00e3o necessariamente representam a situa\u00e7\u00e3o real ou atual das estruturas apresentadas.<\/p><\/blockquote>\n<h2>Coordenador:<\/h2>\n<p>Alexandre Diehl<\/p>\n<h2>Coordenador Adjunto:<\/h2>\n<p>Mario Lucio Moreira<\/p>\n<p><strong>Secretaria:<\/strong> Vin\u00edcius Chagas Nunes (estagi\u00e1rio)<\/p>\n<h2>Comiss\u00e3o de P\u00f3s-Gradua\u00e7\u00e3o (CPG)<\/h2>\n<table class=\"tabela\">\n<tbody>\n<tr>\n<td style=\"text-align: left;\">Alexandre Diehl<\/td>\n<td style=\"text-align: left;\">Coordenador<\/td>\n<\/tr>\n<tr>\n<td style=\"text-align: left;\">Mario Lucio Moreira<\/td>\n<td style=\"text-align: left;\">Coordenador Adjunto<\/td>\n<\/tr>\n<tr>\n<td style=\"text-align: left;\">Fernando Jaques Ruiz Sim\u00f5es J\u00fanior<\/td>\n<td style=\"text-align: left;\">Docente Titular<\/td>\n<\/tr>\n<tr>\n<td style=\"text-align: left;\">Valdemar das Neves Vieira<\/td>\n<td style=\"text-align: left;\">Docente Titular<\/td>\n<\/tr>\n<tr>\n<td style=\"text-align: left;\">Wiilian Edgardo Alayo Rodriguez<\/td>\n<td style=\"text-align: left;\">Docente Suplente<\/td>\n<\/tr>\n<tr>\n<td style=\"text-align: left;\">Gabriel Chaves Brito<\/td>\n<td style=\"text-align: left;\">Representante Discente<\/td>\n<\/tr>\n<\/tbody>\n<\/table>\n<p>&nbsp;<\/p>\n","protected":false},"excerpt":{"rendered":"<p>Informa\u00e7\u00f5es sobre a Coordena\u00e7\u00e3o do Programa<\/p>\n","protected":false},"author":34,"featured_media":4606,"parent":4564,"menu_order":1,"comment_status":"closed","ping_status":"closed","template":"","meta":{"footnotes":""},"class_list":["post-1123","page","type-page","status-publish","has-post-thumbnail","hentry"],"jetpack_sharing_enabled":true,"jetpack-related-posts":[],"_links":{"self":[{"href":"https:\/\/curso-wp.ufpel.edu.br\/tema-pique\/wp-json\/wp\/v2\/pages\/1123","targetHints":{"allow":["GET"]}}],"collection":[{"href":"https:\/\/curso-wp.ufpel.edu.br\/tema-pique\/wp-json\/wp\/v2\/pages"}],"about":[{"href":"https:\/\/curso-wp.ufpel.edu.br\/tema-pique\/wp-json\/wp\/v2\/types\/page"}],"author":[{"embeddable":true,"href":"https:\/\/curso-wp.ufpel.edu.br\/tema-pique\/wp-json\/wp\/v2\/users\/34"}],"replies":[{"embeddable":true,"href":"https:\/\/curso-wp.ufpel.edu.br\/tema-pique\/wp-json\/wp\/v2\/comments?post=1123"}],"version-history":[{"count":1,"href":"https:\/\/curso-wp.ufpel.edu.br\/tema-pique\/wp-json\/wp\/v2\/pages\/1123\/revisions"}],"predecessor-version":[{"id":4604,"href":"https:\/\/curso-wp.ufpel.edu.br\/tema-pique\/wp-json\/wp\/v2\/pages\/1123\/revisions\/4604"}],"up":[{"embeddable":true,"href":"https:\/\/curso-wp.ufpel.edu.br\/tema-pique\/wp-json\/wp\/v2\/pages\/4564"}],"wp:featuredmedia":[{"embeddable":true,"href":"https:\/\/curso-wp.ufpel.edu.br\/tema-pique\/wp-json\/wp\/v2\/media\/4606"}],"wp:attachment":[{"href":"https:\/\/curso-wp.ufpel.edu.br\/tema-pique\/wp-json\/wp\/v2\/media?parent=1123"}],"curies":[{"name":"wp","href":"https:\/\/api.w.org\/{rel}","templated":true}]}}