{"id":4552,"date":"2017-11-09T11:39:42","date_gmt":"2017-11-09T13:39:42","guid":{"rendered":"https:\/\/wp-test.ufpel.edu.br\/tema-twenty-eleven\/?page_id=4511"},"modified":"2017-11-09T11:39:42","modified_gmt":"2017-11-09T13:39:42","slug":"sobre-o-tema","status":"publish","type":"page","link":"https:\/\/curso-wp.ufpel.edu.br\/tema-twenty-eleven\/","title":{"rendered":"Sobre o tema"},"content":{"rendered":"<p>O tema Twenty Eleven oferece op\u00e7\u00f5es de layout com o conte\u00fado \u00e0 esquerda, direita, ou sem barra lateral, e esquemas de cores claras e escuras.<\/p>\n<p>Nesta demonstra\u00e7\u00e3o foi utilizada uma p\u00e1gina inicial est\u00e1tica, onde est\u00e1 inserido este texto. A p\u00e1gina foi configurada com o modelo <em><strong>Vitrine<\/strong><\/em>, que exibe os posts <strong>fixos<\/strong> do site no slider abaixo.<\/p>\n<p>&nbsp;<\/p>\n","protected":false},"excerpt":{"rendered":"<p>O tema Twenty Eleven oferece op\u00e7\u00f5es de layout com o conte\u00fado \u00e0 esquerda, direita, ou sem barra lateral, e esquemas de cores claras e escuras. Nesta demonstra\u00e7\u00e3o foi utilizada uma p\u00e1gina inicial est\u00e1tica, onde est\u00e1 inserido este texto. A p\u00e1gina &hellip; <a href=\"https:\/\/curso-wp.ufpel.edu.br\/tema-twenty-eleven\/\">Continue lendo <span class=\"meta-nav\">&rarr;<\/span><\/a><\/p>\n","protected":false},"author":34,"featured_media":0,"parent":0,"menu_order":0,"comment_status":"closed","ping_status":"closed","template":"showcase.php","meta":{"footnotes":""},"class_list":["post-4552","page","type-page","status-publish","hentry"],"_links":{"self":[{"href":"https:\/\/curso-wp.ufpel.edu.br\/tema-twenty-eleven\/wp-json\/wp\/v2\/pages\/4552","targetHints":{"allow":["GET"]}}],"collection":[{"href":"https:\/\/curso-wp.ufpel.edu.br\/tema-twenty-eleven\/wp-json\/wp\/v2\/pages"}],"about":[{"href":"https:\/\/curso-wp.ufpel.edu.br\/tema-twenty-eleven\/wp-json\/wp\/v2\/types\/page"}],"author":[{"embeddable":true,"href":"https:\/\/curso-wp.ufpel.edu.br\/tema-twenty-eleven\/wp-json\/wp\/v2\/users\/34"}],"replies":[{"embeddable":true,"href":"https:\/\/curso-wp.ufpel.edu.br\/tema-twenty-eleven\/wp-json\/wp\/v2\/comments?post=4552"}],"version-history":[{"count":0,"href":"https:\/\/curso-wp.ufpel.edu.br\/tema-twenty-eleven\/wp-json\/wp\/v2\/pages\/4552\/revisions"}],"wp:attachment":[{"href":"https:\/\/curso-wp.ufpel.edu.br\/tema-twenty-eleven\/wp-json\/wp\/v2\/media?parent=4552"}],"curies":[{"name":"wp","href":"https:\/\/api.w.org\/{rel}","templated":true}]}}