{"id":4480,"date":"2018-12-10T13:07:52","date_gmt":"2018-12-10T15:07:52","guid":{"rendered":"http:\/\/curso-wp.ufpel.edu.br\/hvianna\/?page_id=4480"},"modified":"2018-12-10T13:07:52","modified_gmt":"2018-12-10T15:07:52","slug":"bem-vindos-a-ufpel","status":"publish","type":"page","link":"https:\/\/curso-wp.ufpel.edu.br\/tema-twenty-nineteen\/","title":{"rendered":"Bem-vindos \u00e0 UFPel!"},"content":{"rendered":"\n<h2 class=\"wp-block-heading\">Sobre o tema<\/h2>\n\n\n\n<p>Esta \u00e9 uma p\u00e1gina inicial est\u00e1tica, com uma imagem destacada. Neste tema, as imagens destacadas s\u00e3o exibidas em tamanho completo no fundo da p\u00e1gina ou post, proporcionando um excelente efeito visual.<\/p>\n\n\n\n<figure class=\"wp-block-pullquote alignfull is-style-solid-color\"><blockquote><p>Suporte ao novo editor de blocos<\/p><cite>O WordPress <strong>5.0<\/strong> introduziu um novo editor baseado em blocos, que oferece maior flexibilidade para formatar o conte\u00fado de suas p\u00e1ginas e posts.<br>Este, por exemplo, \u00e9 um bloco de <strong>Cita\u00e7\u00e3o<\/strong> com largura completa.<br>Voc\u00ea pode ativar o novo editor nas <strong><em>Configura\u00e7\u00f5es de Escrita<\/em><\/strong>, no painel administrativo do site.<\/cite><\/blockquote><\/figure>\n\n\n\n<h2 class=\"wp-block-heading\">Personalidades<\/h2>\n\n\n\n<p>Exemplo de uso do bloco <strong>Galeria<\/strong> configurado com alinhamento <strong><em>largura completa<\/em><\/strong>.<\/p>\n\n\n\n<ul class=\"wp-block-gallery alignfull columns-3 is-cropped wp-block-gallery-1 is-layout-flex wp-block-gallery-is-layout-flex\"><li class=\"blocks-gallery-item\"><figure><img loading=\"lazy\" decoding=\"async\" width=\"351\" height=\"480\" src=\"http:\/\/curso-wp.ufpel.edu.br\/tema-twenty-nineteen\/wp-content\/uploads\/sites\/202\/2017\/08\/einstein.jpg\" alt=\"\" data-id=\"3942\" data-link=\"https:\/\/wp-test.ufpel.edu.br\/tema-twenty-nineteen\/einstein\/\" class=\"wp-image-3942\" srcset=\"https:\/\/curso-wp.ufpel.edu.br\/tema-twenty-nineteen\/wp-content\/uploads\/sites\/202\/2017\/08\/einstein.jpg 351w, https:\/\/curso-wp.ufpel.edu.br\/tema-twenty-nineteen\/wp-content\/uploads\/sites\/202\/2017\/08\/einstein-293x400.jpg 293w\" sizes=\"auto, (max-width: 351px) 100vw, 351px\" \/><figcaption>Albert Einstein<\/figcaption><\/figure><\/li><li class=\"blocks-gallery-item\"><figure><img loading=\"lazy\" decoding=\"async\" width=\"698\" height=\"1024\" src=\"http:\/\/curso-wp.ufpel.edu.br\/tema-twenty-nineteen\/wp-content\/uploads\/sites\/202\/2017\/08\/Elon_Musk_2015-698x1024.jpg\" alt=\"\" data-id=\"3976\" data-link=\"https:\/\/wp-test.ufpel.edu.br\/tema-twenty-nineteen\/elon_musk_2015\/\" class=\"wp-image-3976\" srcset=\"https:\/\/curso-wp.ufpel.edu.br\/tema-twenty-nineteen\/wp-content\/uploads\/sites\/202\/2017\/08\/Elon_Musk_2015-698x1024.jpg 698w, https:\/\/curso-wp.ufpel.edu.br\/tema-twenty-nineteen\/wp-content\/uploads\/sites\/202\/2017\/08\/Elon_Musk_2015-273x400.jpg 273w, https:\/\/curso-wp.ufpel.edu.br\/tema-twenty-nineteen\/wp-content\/uploads\/sites\/202\/2017\/08\/Elon_Musk_2015-768x1127.jpg 768w, https:\/\/curso-wp.ufpel.edu.br\/tema-twenty-nineteen\/wp-content\/uploads\/sites\/202\/2017\/08\/Elon_Musk_2015.jpg 1011w\" sizes=\"auto, (max-width: 698px) 100vw, 698px\" \/><figcaption>Elon Musk<\/figcaption><\/figure><\/li><li class=\"blocks-gallery-item\"><figure><img loading=\"lazy\" decoding=\"async\" width=\"684\" height=\"974\" src=\"http:\/\/curso-wp.ufpel.edu.br\/tema-twenty-nineteen\/wp-content\/uploads\/sites\/202\/2017\/08\/Steve_Jobs_with_red_shawl_edit2.jpg\" alt=\"\" data-id=\"3979\" data-link=\"https:\/\/wp-test.ufpel.edu.br\/tema-twenty-nineteen\/steve_jobs_with_red_shawl_edit2\/\" class=\"wp-image-3979\" srcset=\"https:\/\/curso-wp.ufpel.edu.br\/tema-twenty-nineteen\/wp-content\/uploads\/sites\/202\/2017\/08\/Steve_Jobs_with_red_shawl_edit2.jpg 684w, https:\/\/curso-wp.ufpel.edu.br\/tema-twenty-nineteen\/wp-content\/uploads\/sites\/202\/2017\/08\/Steve_Jobs_with_red_shawl_edit2-281x400.jpg 281w\" sizes=\"auto, (max-width: 684px) 100vw, 684px\" \/><figcaption>Steve Jobs<\/figcaption><\/figure><\/li><\/ul>\n","protected":false},"excerpt":{"rendered":"<p>Sobre o tema Esta \u00e9 uma p\u00e1gina inicial est\u00e1tica, com uma imagem destacada. Neste tema, as imagens destacadas s\u00e3o exibidas em tamanho completo no fundo da p\u00e1gina ou post, proporcionando um excelente efeito visual. Suporte ao novo editor de blocos O WordPress 5.0 introduziu um novo editor baseado em blocos, que oferece maior flexibilidade para &hellip; <\/p>\n<p class=\"link-more\"><a href=\"https:\/\/curso-wp.ufpel.edu.br\/tema-twenty-nineteen\/\" class=\"more-link\">Continue lendo<span class=\"screen-reader-text\"> &#8220;Bem-vindos \u00e0 UFPel!&#8221;<\/span><\/a><\/p>\n","protected":false},"author":34,"featured_media":4482,"parent":0,"menu_order":0,"comment_status":"closed","ping_status":"closed","template":"","meta":{"footnotes":""},"class_list":["post-4480","page","type-page","status-publish","has-post-thumbnail","hentry","entry"],"_links":{"self":[{"href":"https:\/\/curso-wp.ufpel.edu.br\/tema-twenty-nineteen\/wp-json\/wp\/v2\/pages\/4480","targetHints":{"allow":["GET"]}}],"collection":[{"href":"https:\/\/curso-wp.ufpel.edu.br\/tema-twenty-nineteen\/wp-json\/wp\/v2\/pages"}],"about":[{"href":"https:\/\/curso-wp.ufpel.edu.br\/tema-twenty-nineteen\/wp-json\/wp\/v2\/types\/page"}],"author":[{"embeddable":true,"href":"https:\/\/curso-wp.ufpel.edu.br\/tema-twenty-nineteen\/wp-json\/wp\/v2\/users\/34"}],"replies":[{"embeddable":true,"href":"https:\/\/curso-wp.ufpel.edu.br\/tema-twenty-nineteen\/wp-json\/wp\/v2\/comments?post=4480"}],"version-history":[{"count":0,"href":"https:\/\/curso-wp.ufpel.edu.br\/tema-twenty-nineteen\/wp-json\/wp\/v2\/pages\/4480\/revisions"}],"wp:featuredmedia":[{"embeddable":true,"href":"https:\/\/curso-wp.ufpel.edu.br\/tema-twenty-nineteen\/wp-json\/wp\/v2\/media\/4482"}],"wp:attachment":[{"href":"https:\/\/curso-wp.ufpel.edu.br\/tema-twenty-nineteen\/wp-json\/wp\/v2\/media?parent=4480"}],"curies":[{"name":"wp","href":"https:\/\/api.w.org\/{rel}","templated":true}]}}

Bem-vindos à UFPel!

<h2 class="wp-block-heading">Sobre o tema</h2>



<p>Esta é uma página inicial estática, com uma imagem destacada. Neste tema, as imagens destacadas são exibidas em tamanho completo no fundo da página ou post, proporcionando um excelente efeito visual.</p>



<figure class="wp-block-pullquote alignfull is-style-solid-color"><blockquote><p>Suporte ao novo editor de blocos</p><cite>O WordPress <strong>5.0</strong> introduziu um novo editor baseado em blocos, que oferece maior flexibilidade para formatar o conteúdo de suas páginas e posts.<br>Este, por exemplo, é um bloco de <strong>Citação</strong> com largura completa.<br>Você pode ativar o novo editor nas <strong><em>Configurações de Escrita</em></strong>, no painel administrativo do site.</cite></blockquote></figure>



<h2 class="wp-block-heading">Personalidades</h2>



<p>Exemplo de uso do bloco <strong>Galeria</strong> configurado com alinhamento <strong><em>largura completa</em></strong>.</p>



<ul class="wp-block-gallery alignfull columns-3 is-cropped wp-block-gallery-1 is-layout-flex wp-block-gallery-is-layout-flex"><li class="blocks-gallery-item"><figure><img loading="lazy" decoding="async" width="351" height="480" src="http://curso-wp.ufpel.edu.br/tema-twenty-nineteen/wp-content/uploads/sites/202/2017/08/einstein.jpg" alt="" data-id="3942" data-link="https://wp-test.ufpel.edu.br/tema-twenty-nineteen/einstein/" class="wp-image-3942" srcset="https://curso-wp.ufpel.edu.br/tema-twenty-nineteen/wp-content/uploads/sites/202/2017/08/einstein.jpg 351w, https://curso-wp.ufpel.edu.br/tema-twenty-nineteen/wp-content/uploads/sites/202/2017/08/einstein-293x400.jpg 293w" sizes="auto, (max-width: 351px) 100vw, 351px" /><figcaption>Albert Einstein</figcaption></figure></li><li class="blocks-gallery-item"><figure><img loading="lazy" decoding="async" width="698" height="1024" src="http://curso-wp.ufpel.edu.br/tema-twenty-nineteen/wp-content/uploads/sites/202/2017/08/Elon_Musk_2015-698x1024.jpg" alt="" data-id="3976" data-link="https://wp-test.ufpel.edu.br/tema-twenty-nineteen/elon_musk_2015/" class="wp-image-3976" srcset="https://curso-wp.ufpel.edu.br/tema-twenty-nineteen/wp-content/uploads/sites/202/2017/08/Elon_Musk_2015-698x1024.jpg 698w, https://curso-wp.ufpel.edu.br/tema-twenty-nineteen/wp-content/uploads/sites/202/2017/08/Elon_Musk_2015-273x400.jpg 273w, https://curso-wp.ufpel.edu.br/tema-twenty-nineteen/wp-content/uploads/sites/202/2017/08/Elon_Musk_2015-768x1127.jpg 768w, https://curso-wp.ufpel.edu.br/tema-twenty-nineteen/wp-content/uploads/sites/202/2017/08/Elon_Musk_2015.jpg 1011w" sizes="auto, (max-width: 698px) 100vw, 698px" /><figcaption>Elon Musk</figcaption></figure></li><li class="blocks-gallery-item"><figure><img loading="lazy" decoding="async" width="684" height="974" src="http://curso-wp.ufpel.edu.br/tema-twenty-nineteen/wp-content/uploads/sites/202/2017/08/Steve_Jobs_with_red_shawl_edit2.jpg" alt="" data-id="3979" data-link="https://wp-test.ufpel.edu.br/tema-twenty-nineteen/steve_jobs_with_red_shawl_edit2/" class="wp-image-3979" srcset="https://curso-wp.ufpel.edu.br/tema-twenty-nineteen/wp-content/uploads/sites/202/2017/08/Steve_Jobs_with_red_shawl_edit2.jpg 684w, https://curso-wp.ufpel.edu.br/tema-twenty-nineteen/wp-content/uploads/sites/202/2017/08/Steve_Jobs_with_red_shawl_edit2-281x400.jpg 281w" sizes="auto, (max-width: 684px) 100vw, 684px" /><figcaption>Steve Jobs</figcaption></figure></li></ul>

<p>Sobre o tema Esta é uma página inicial estática, com uma imagem destacada. Neste tema, as imagens destacadas são exibidas em tamanho completo no fundo da página ou post, proporcionando um excelente efeito visual. Suporte ao novo editor de blocos O WordPress 5.0 introduziu um novo editor baseado em blocos, que oferece maior flexibilidade para &hellip; </p>
<p class="link-more"><a href="https://curso-wp.ufpel.edu.br/tema-twenty-nineteen/" class="more-link">Continue lendo<span class="screen-reader-text"> &#8220;Bem-vindos à UFPel!&#8221;</span></a></p>
